 is -47764135 + 3?
-47764132
In base 8, what is -71400366 - -3?
-71400363
In base 7, what is -205600455 + -5?
-205600463
In base 3, what is 212002211001101 + -102?
212002211000222
In base 12, what is 570 - -210?
780
In base 10, what is 8844675 + 2?
8844677
In base 5, what is -12 + -12233433421?
-12233433433
In base 3, what is -10010020201112 - -1?
-10010020201111
In base 3, what is 100102 + 11010211?
11111020
In base 16, what is -76 + -7fa2?
-8018
In base 3, what is 10 + -120112202202102?
-120112202202022
In base 11, what is 69 - 151973a?
-1519681
In base 15, what is -2b04bd + 4?
-2b04b9
In base 14, what is 38448 - -2d?
38477
In base 15, what is -5 - -addc19?
addc14
In base 14, what is 146 + 1850?
1996
In base 11, what is 40910 + 422?
41232
In base 15, what is 3a - -19de6e?
19dea9
In base 10, what is -1717 - -1070?
-647
In base 14, what is -4 + 1ca826?
1ca822
In base 7, what is 126101 + 3421?
132522
In base 10, what is -124086 + 14?
-124072
In base 13, what is -103487a - -3?
-1034877
In base 13, what is -48833 - -2ab?
-48555
In base 5, what is -3 - -231312424?
231312421
In base 10, what is 4 + 31657731?
31657735
In base 15, what is 12bdc29 - 15?
12bdc14
In base 7, what is -541510 - -666?
-540511
In base 9, what is 40662 - -3480?
44252
In base 12, what is -4 - -239052?
23904a
In base 10, what is -1454871 + -39?
-1454910
In base 8, what is 64516 - -16?
64534
In base 4, what is -10 + -31120000301?
-31120000311
In base 10, what is 114825686 + -13?
114825673
In base 5, what is 43214133 + -14?
43214114
In base 4, what is 0 + -232111031?
-232111031
In base 5, what is 213 + 433044?
433312
In base 2, what is -11001001101111010 + -10101000?
-11001010000100010
In base 16, what is 9519a3 + a?
9519ad
In base 7, what is -21 + 42034531?
42034510
In base 7, what is 25030 - 213060?
-155030
In base 7, what is -1554 - -520664?
516110
In base 12, what is 22706018 - 4?
22706014
In base 3, what is -102112120001111 - -2?
-102112120001102
In base 14, what is -580270 + 1a?
-580254
In base 6, what is -22350 + 24130?
1340
In base 14, what is 4 + 895781d?
8957823
In base 15, what is -7677 + -53a?
-7bb2
In base 16, what is -92241 + 13?
-9222e
In base 4, what is -113 + 320103023?
320102310
In base 9, what is 27310 + -5068?
22231
In base 15, what is -8a - -c911?
c876
In base 10, what is 4367 - 1724?
2643
In base 4, what is 13002 - 20013021?
-20000013
In base 8, what is 2 - -15075270?
15075272
In base 13, what is -16 + 104487?
104471
In base 7, what is 12 - 33223306?
-33223264
In base 9, what is -16848562 - -2?
-16848560
In base 11, what is -a - -906326?
906317
In base 4, what is -2013221 - 102223?
-2122110
In base 4, what is 2 - -11202033030?
11202033032
In base 7, what is 6 + -3161615521?
-3161615512
In base 13, what is -5 + -15488c64?
-15488c69
In base 14, what is 2 - -8abd12?
8abd14
In base 11, what is -5 - -36747352?
36747348
In base 16, what is -7 + 13d45e7?
13d45e0
In base 13, what is -2c + 104b27?
104ac8
In base 2, what is -11 + 1001101001011000100?
1001101001011000001
In base 8, what is -105330 + -1330?
-106660
In base 11, what is 7 + -40351a?
-403513
In base 7, what is 12 - 40321345?
-40321333
In base 2, what is 10000110001111111101 + -10100111?
10000110001101010110
In base 8, what is -47611 - 6221?
-56032
In base 5, what is 324431 - -1402034?
2232020
In base 8, what is -112700 + -273?
-113173
In base 5, what is -3 + -33231114321?
-33231114324
In base 14, what is 12a44 - -53?
12a97
In base 8, what is -41406471 - -17?
-41406452
In base 8, what is -16235 - -65131?
46674
In base 10, what is 1545520 + 11?
1545531
In base 12, what is 3a7518 - 88?
3a7450
In base 10, what is -7671 + -14037?
-21708
In base 14, what is -5 + -60c795?
-60c79a
In base 6, what is 20332233 - -20?
20332253
In base 8, what is -141 - -7651?
7510
In base 9, what is -334288201 + -2?
-334288203
In base 6, what is 5 + -212512334?
-212512325
In base 11, what is -3011 - 1033?
-4044
In base 9, what is 250355 + 5?
250361
In base 13, what is a4887b2 + 2?
a4887b4
In base 4, what is 22121111332231 - 11?
22121111332220
In base 9, what is 333342 - 31?
333311
In base 15, what is -2a9bda + 5?
-2a9bd5
In base 3, what is 1011101 + -112120010?
-111101202
In base 3, what is 200210222012 + -2102?
200210212210
In base 10, what is 5 - 267800?
-267795
In base 3, what is 110002221012210 + 1111?
110002221021021
In base 7, what is 231115 + -244?
230541
In base 6, what is -15204321 - -133?
-15204144
In base 15, what is 0 - -55d924?
55d924
In base 16, what is -2b6 + 4ddb5?
4daff
In base 2, what is -1000010110110010011100011 + 10010?
-1000010110110010011010001
In base 2, what is 1000011100010101011100100 + -10?
1000011100010101011100010
In base 10, what is -50 + 276516?
276466
In base 13, what is 179a + -3a960?
-39193
In base 10, what is -4387448 + 384?
-4387064
In base 16, what is 13a8 + 391?
1739
In base 12, what is -11 - 586119?
-58612a
In base 14, what is 6c5d5 - 49?
6c58a
In base 7, what is -51 - 3463422?
-3463503
In base 8, what is 1243570035 + -3?
1243570032
In base 9, what is -4005646 + -100?
-4005746
In base 15, what is 0 - -680d489?
680d489
In base 15, what is 350943b - 5?
3509436
In base 7, what is 35224 - 11031?
24163
In base 11, what is 6a9 - 3602?
-2a04
In base 15, what is -24d + -57175?
-573c3
In base 2, what is -1000110010011101 + 1011001?
-1000110001000100
In base 10, what is 2 - 3071806?
-3071804
In base 16, what is -102da8a2 - 0?
-102da8a2
In base 4, what is -10202331 + 310?
-10202021
In base 10, what is -125509 - 881?
-126390
In base 6, what is 10024 - 1122143?
-1112115
In base 9, what is 1 + -3036401?
-3036400
In base 13, what is 1232a + -c0?
1223a
In base 16, what is 4b99 + 1478?
6011
In base 2, what is -1001001001100011001 + -1?
-1001001001100011010
In base 10, what is -26 - 234147?
-234173
In base 14, what is -15db2 - 1288?
-1725a
In base 4, what is 30 + -31021121312?
-31021121222
In base 13, what is -4 + 5034701?
50346ca
In base 2, what is 100111111010 - -110001110110011010?
110010011110010100
In base 13, what is -21 + 2a1b02?
2a1ab1
In base 5, what is 1423040331 + -1?
1423040330
In base 14, what is 44598b3b + 5?
44598b42
In base 2, what is 100110001111001110101 + -101?
100110001111001110000
In base 16, what is -1b310b + -10?
-1b311b
In base 3, what is 221110111220010 + -2?
221110111220001
In base 13, what is -224 - 17b8?
-1a0c
In base 14, what is 1580178 - 4?
1580174
In base 3, what is -11102 - 10102112100200?
-10102112112002
In base 6, what is -4451130241 + -50?
-4451130331
In base 14, what is -23d54 + 2?
-23d52
In base 13, what is -3 - cb38a?
-cb390
In base 11, what is -112 + 36701?
3659a
In base 5, what is 14234131 - 4?
14234122
In base 7, what is -4 - -15216364?
15216360
In base 10, what is 47886 - 27?
47859
In base 4, what is -13033 + 12000?
-1033
In base 5, what is -4 + -100344223011?
-100344223020
In base 7, what is -203 - 32644316?
-32644522
In base 15, what is 4 - d8e621?
-d8e61c
In base 9, what is -468310 + 872?
-467327
In base 6, what is 11312 + -400244?
-344532
In base 14, what is -d - -149a4332?
149a4323
In base 7, what is -42432245 - -34?
-42432211
In base 3, what is -210121022211 + -1122?
-210121101110
In base 9, what is 170112265 + 3?
170112268
In base 11, what is -24a81 + -115?
-25096
In base 16, what is -c44 + 51e8?
45a4
In base 4, what is -103302321323 - -10?
-103302321313
In base 9, what is 2244756 - -1?
2244757
In base 8, what is -43013206 + -55?
-43013263
In base 5, what is 24413 + -21310033?
-21230120
In base 6, what is 2402 - 25530?
-23124
In base 9, what is -304 - 148818?
-150223
In base 16, what is 0 + 35957?
35957
In base 13, what is 28 + 6997b?
699a6
In base 6, what is 104014 + 1022?
105040
In base 14, what is -5 - -aa4c89a?
aa4c895
In base 16, what is a2e05b - 12?
a2e049
In base 10, what is 17 + 1548713?
1548730
In base 9, what is 2043 - 1664?
268
In base 2, what is -10011101001000111 + 111?
-10011101001000000
In base 3, what is -20 + 12122110011221111?
12122110011221021
In base 2, what is -11 - 101100101110000011111?
-101100101110000100010
In base 4, what is -3013 - 202003203?
-202012222
In base 7, what is 0 - 126623404?
-126623404
In base 9, what is 4082 - -1473?
5565
In base 6, what is -1 + 44033555423?
44033555422
In base 4, what is 212211321313212 - -1?
212211321